
-10
Let l(r) = 74*r - 11759. Calculate l(248).
6593
Let d(s) = -446*s + 45540. Determine d(102).
48
Let u(n) = 281*n - 6307. What is u(24)?
437
Let r(z) = -27681*z - 359873. Give r(-13).
-20
Let f(n) = n**2 - 1031*n + 3097. Determine f(3).
13
Let l(x) = -x**2 - 170*x - 6041. What is l(-52)?
95
Let q(f) = -90*f**3 + 1362*f**2 - 146*f - 491. Calculate q(15).
19
Let k(s) = 1707*s - 232018. Determine k(136).
134
Let a(t) = t**3 - 10*t**2 - 239*t + 3117. What is a(13)?
517
Let m(h) = -h**3 + 30*h**2 - 720*h - 8194. Determine m(-8).
-2
Let d(n) = -4255*n - 140408. Calculate d(-33).
7
Let z(t) = -7*t**2 + 143*t + 3679. Determine z(-15).
-41
Let y(q) = -375*q - 1036. Give y(0).
-1036
Let x(s) = 26857*s + 161140. Determine x(-6).
-2
Let f(u) = -u**2 + 104*u - 1060. Calculate f(42).
1544
Let m(y) = 4*y**2 + 8098*y - 48542. What is m(6)?
190
Let r(d) = d**3 + 26*d**2 - 69*d - 489. Give r(-30).
-2019
Let r(k) = 2*k**2 + 114*k - 10354. Determine r(-105).
-274
Let u(f) = -14*f**2 + 44*f - 101. Give u(4).
-149
Let i(c) = -6816*c - 26898. Calculate i(-4).
366
Let r(d) = 42102*d - 252675. Calculate r(6).
-63
Let a(d) = -1204*d**3 - 16*d**2 + 58*d + 57. What is a(-1)?
1187
Let a(x) = 169*x + 155985. Determine a(-923).
-2
Let y(t) = 22*t**3 - t**2 - 639*t - 639. Determine y(-1).
-23
Let j(u) = -u**3 - 16*u**2 - 594*u - 7864. What is j(-14)?
60
Let p(s) = -6*s**2 - 953*s + 52375. Determine p(-202).
57
Let i(n) = 5*n**2 - 2703*n - 58921. Give i(-21).
47
Let l(y) = 460*y**2 - 22085*y + 407. Give l(48).
167
Let y(t) = -180207*t - 360409. What is y(-2)?
5
Let t(q) = -9128*q - 27138. Give t(-3).
246
Let h(o) = 23728*o - 47448. Calculate h(2).
8
Let t(p) = -2306*p - 364075. Calculate t(-158).
273
Let o(q) = -2*q**2 + 21*q + 15162. Calculate o(-82).
-8
Let x(g) = -g**2 - 9248*g + 1171600. What is x(125)?
-25
Let o(k) = -10*k**2 + 1846*k + 2599. Determine o(186).
-5
Let a(z) = -2835*z - 1033. Calculate a(0).
-1033
Let i(l) = -l**3 - 100*l**2 - 1539*l - 192. Calculate i(-81).
-192
Let r(u) = 4*u**3 - 416*u**2 + 414*u - 169. Give r(103).
37
Let l(r) = -58*r**3 - 8*r**2 + 445*r - 1320. Determine l(3).
-1623
Let k(a) = -36558*a - 365517. What is k(-10)?
63
Let y(v) = v**3 + 161*v**2 - 173*v - 1755. What is y(-162)?
27
Let r(d) = 11823*d + 981318. Give r(-83).
9
Let l(s) = s**3 + 313*s**2 - 611*s + 5959. Determine l(-315).
-26
Let g(w) = w**3 + 6*w**2 + 34*w - 28. What is g(9)?
1493
Let q(s) = 3*s**3 + 150*s**2 + 627*s + 79857. Determine q(-55).
-3
Let r(y) = 5*y**3 - 302*y**2 + 139*y - 120. What is r(60)?
1020
Let u(a) = a**2 - 1040*a - 369604. Calculate u(-280).
-4
Let k(c) = 112*c - 16730. Calculate k(138).
-1274
Let r(c) = 25565*c + 383554. Calculate r(-15).
79
Let p(c) = -2*c**2 - 609*c - 9048. Calculate p(-16).
184
Let s(j) = -279*j**3 + j**2 - 16*j + 17. Determine s(1).
-277
Let d(g) = 6*g**2 - 68977*g + 1102091. Determine d(16).
-5
Let l(d) = d**3 + 44*d**2 + 40*d + 13938. What is l(-49)?
-27
Let m(x) = -149*x**2 + 6*x + 627. What is m(2)?
43
Let o(h) = -116*h**3 - 3018*h**2 - 61*h - 174. Determine o(-26).
60
Let v(i) = -2360*i + 16409. Give v(7).
-111
Let d(f) = -8*f**2 - 308*f - 119. What is d(-41)?
-939
Let a(h) = -2*h**2 + 466*h - 8055. What is a(215)?
-315
Let i(u) = u**3 - 12296*u**2 + 1376681*u - 223. Determine i(113).
3
Let l(j) = -3*j**2 - 61*j + 6084. Determine l(36).
0
Let u(y) = 9690*y**2 + 38764*y + 3. Calculate u(-4).
-13
Let n(y) = -5*y**2 - 450*y + 6403. Calculate n(22).
-5917
Let a(c) = c**2 - 1297*c + 57465. What is a(46)?
-81
Let p(f) = -f**3 + 2*f**2 + 1694*f + 118. Give p(-40).
-442
Let a(y) = 2*y**2 - 9492*y + 37964. What is a(4)?
28
Let s(y) = -y**3 + 624*y**2 - 2397*y - 51469. Determine s(620).
-9
Let d(j) = -j**2 + 8409*j - 17. Give d(0).
-17
Let n(x) = 7*x**2 - 128*x + 2008. Calculate n(25).
3183
Let b(q) = -2*q**3 + 68*q**2 + 6818*q - 1921. What is b(-44)?
103
Let c(n) = n**2 - 159*n - 4492. Calculate c(-29).
960
Let q(t) = 714*t + 4140. Give q(-8).
-1572
Let s(y) = y**3 - 113*y**2 - 226*y - 594. Give s(115).
-134
Let l(n) = -544*n + 30493. Determine l(56).
29
Let b(x) = -8245*x + 49462. What is b(6)?
-8
Let s(r) = 1098010*r - 1098013. Give s(1).
-3
Let f(a) = 22595*a + 1265338. Calculate f(-56).
18
Let t(y) = 2*y**3 - 1234*y**2 + 1202*y + 18465. Give t(616).
-15
Let z(d) = -583*d**2 + 96772*d + 913. Determine z(166).
-83
Let m(s) = -s**2 + 457*s - 18499. Determine m(412).
41
Let a(q) = -2*q**3 + 10*q**2 + 82*q - 362. Determine a(4).
-2
Let b(n) = 11*n**3 + 62*n**2 + 13*n - 28. Determine b(-6).
-250
Let z(a) = -a**3 + 25*a**2 - 2*a - 38. Calculate z(25).
-88
Let l(v) = -2*v**3 + 550*v**2 + 5794*v - 26829. What is l(285)?
-39
Let t(y) = -3116*y - 903. What is t(-1)?
2213
Let c(s) = s - 1202. Determine c(-83).
-1285
Let a(p) = 705*p - 234063. Calculate a(332).
-3
Let k(p) = 14*p**3 - 57*p**2 - 28*p + 9. Give k(4).
-119
Let c(p) = -2*p**3 - 181*p**2 + 18482*p + 37. Give c(61).
-24
Let w(v) = 8227*v - 11. Give w(0).
-11
Let a(r) = -2*r**3 + 321*r**2 + 505*r - 3073. Determine a(162).
5
Let n(h) = 85226*h + 511356. What is n(-6)?
0
Let n(t) = -44951*t + 89872. Calculate n(2).
-30
Let s(k) = -91277*k + 181373. Determine s(2).
-1181
Let z(y) = 2657*y**2 + 29252*y + 65. Calculate z(-11).
-210
Let h(g) = -2*g**2 - 203*g - 3820. Determine h(-87).
-1297
Let k(x) = -x**3 - 2724*x**2 - 24434*x - 4. Determine k(-9).
-13
Let j(d) = 341*d**2 + 31710*d - 285. What is j(-93)?
-6
Let v(o) = -48214*o - 1542838. Determine v(-32).
10
Let m(i) = -499*i**2 + 9482*i + 12. Give m(19).
31
Let k(i) = -2900*i + 2792. What is k(1)?
-108
Let c(i) = -197*i - 77498. What is c(-383)?
-2047
Let t(q) = 2*q**2 - 1849*q - 227581. What is t(-110)?
9
Let h(q) = -2*q**2 + 59*q + 1105. Determine h(-13).
0
Let u(b) = b**2 - 29288*b + 1111716. Calculate u(38).
216
Let s(j) = 374307*j - 374310. What is s(1)?
-3
Let v(i) = -19940*i - 677993. Determine v(-34).
-33
Let n(y) = 1398*y + 8059. What is n(-6)?
-329
Let u(y) = y**3 - 1709*y**2 + 1635*y + 73. Determine u(1).
0
Let n(m) = -44*m**2 + 10283*m + 2567. Calculate n(234).
-475
Let k(l) = -2*l**3 - 30*l**2 - 1709*l - 27856. Give k(-16).
0
Let s(x) = x**3 + 33*x**2 - 40*x - 193. What is s(-34)?
11
Let a(v) = -56170*v + 16457805. Determine a(293).
-5
Let r(b) = -1449*b**2 - 73876*b + 1147. Determine r(-51).
-26
Let c(u) = -217*u + 48908. Calculate c(225).
83
Let l(w) = 5315*w**2 + 5270*w - 39. Determine l(-1).
6
Let o(b) = 10*b**2 + 103*b + 91. What is o(-15)?
796
Let m(l) = -2*l**3 + 713*l**2 + 26542*l - 446. Give m(-34).
-38
Let h(m) = -1286*m + 16021. Give h(12).
589
Let o(v) = v**2 - 2046*v + 22278. Determine o(11).
-107
Let u(p) = 2*p**3 - 155*p**2 + 79*p - 97. Give u(77).
57
Let c(b) = -b**3 - 106*b**2 - 389*b + 1976. Calculate c(-102).
38
Let h(f) = -4813*f - 211724. Determine h(-44).
48
Let s(t) = -10*t**3 + 42*t**2 - 274*t + 384. Determine s(4).
-680
Let v(l) = 6*l**3 + 32*l**2 - 160*l + 1203. Calculate v(-10).
3
Let k(r) = -r**2 + 427*r - 16164. Determine k(42).
6
Let g(t) = 1649614*t - 14846520. Give g(9).
6
Let x(m) = 2*m**3 + 30*m**2 - 43*m - 388. Calculate x(-20).
-3528
Let x(a) = -3*a**2 + 4654*a - 32388. Determine x(7).
43
Let u(o) = 783*o + 8019. Give u(-10).
189
Let b(h) = -h**2 + 222*h - 11392. Calculate b(87).
353
Let h(y) = -y**3 - 11*y**2 - 6872*y - 68645. Determine h(-10).
-25
Let z(j) = -6*j**2 - 1053*j + 244863. Give z(-308).
3
Let k(c) = c**2 + 119*c - 36720. Give k(-260).
-60
Let i(w) = 33293*w + 532691. Determine i(-16).
3
Let a(h) = -h**3 - 3*h**2 + 860*h + 3384. Determine a(-4).
-40
Let a(t) = -11*t**2 - 448*t + 3054. What is a(6)?
-30
Let v(j) = 9*j**2 - 12942*j + 99. Give v(0).
99
Let s(q) = q**2 - 48498*q - 387997. Calculate s(-8).
51
Let r(h) = h**2 + 4924*h + 137247. Give r(-28).
159
Let d(h) = -h**3 - 80*h**2 + 23*h + 1881. What is d(-80)?
41
Let o(w) = -48*w**2 + 249*w + 24. Give o(7).
-585
Let z(k) = -k**3 - 21*k**2 - 171*k - 59. Determine z(-11).
612
Let z(d) = d**3 + 55*d**2 + 89*d - 17. Determine z(-53).
884
Let y(w) = -67*w**3 - 51994*w**2 - 1554*w - 1473. What is y(-776)?
79
Let t(g) = 19*g**2 + 611*g - 158. Give t(-32).
-254
Let u(g) = -80591*g - 2175963. What is u(-27)?
-6
Let y(i) = -2*i**3 + 22*i**2 + 28*i - 306. Calculate y(12).
-258
Let y(p) = 1699*p + 64332. What is y(-38)?
-230
Let d